{"id":221,"date":"2024-10-05T21:23:59","date_gmt":"2024-10-05T19:23:59","guid":{"rendered":"https:\/\/zabouenfolie.fr\/?post_type=product&#038;p=221"},"modified":"2024-10-05T21:43:53","modified_gmt":"2024-10-05T19:43:53","slug":"eponge-x3","status":"publish","type":"product","link":"https:\/\/zabouenfolie.fr\/?product=eponge-x3","title":{"rendered":"\u00c9ponge x3"},"content":{"rendered":"<p>Ce lot de trois \u00e9ponges en tissu de bambou est id\u00e9al pour un nettoyage efficace et \u00e9cologique. Douces, absorbantes et durables, elles conviennent pour toutes les surfaces, tout en \u00e9tant r\u00e9utilisables et faciles \u00e0 entretenir.<\/p>\n","protected":false},"excerpt":{"rendered":"<p>Ce lot de trois \u00e9ponges en tissu de bambou est absorbant, durable et r\u00e9utilisable, parfait pour un nettoyage \u00e9cologique. Douces et efficaces, elles s\u2019adaptent \u00e0 toutes les surfaces.<\/p>\n","protected":false},"featured_media":198,"comment_status":"open","ping_status":"closed","template":"","meta":[],"product_brand":[],"product_cat":[22],"product_tag":[],"class_list":{"0":"post-221","1":"product","2":"type-product","3":"status-publish","4":"has-post-thumbnail","6":"product_cat-cuisine","8":"first","9":"instock","10":"shipping-taxable","11":"purchasable","12":"product-type-simple"},"jetpack_sharing_enabled":true,"_links":{"self":[{"href":"https:\/\/zabouenfolie.fr\/index.php?rest_route=\/wp\/v2\/product\/221","targetHints":{"allow":["GET"]}}],"collection":[{"href":"https:\/\/zabouenfolie.fr\/index.php?rest_route=\/wp\/v2\/product"}],"about":[{"href":"https:\/\/zabouenfolie.fr\/index.php?rest_route=\/wp\/v2\/types\/product"}],"replies":[{"embeddable":true,"href":"https:\/\/zabouenfolie.fr\/index.php?rest_route=%2Fwp%2Fv2%2Fcomments&post=221"}],"wp:featuredmedia":[{"embeddable":true,"href":"https:\/\/zabouenfolie.fr\/index.php?rest_route=\/wp\/v2\/media\/198"}],"wp:attachment":[{"href":"https:\/\/zabouenfolie.fr\/index.php?rest_route=%2Fwp%2Fv2%2Fmedia&parent=221"}],"wp:term":[{"taxonomy":"product_brand","embeddable":true,"href":"https:\/\/zabouenfolie.fr\/index.php?rest_route=%2Fwp%2Fv2%2Fproduct_brand&post=221"},{"taxonomy":"product_cat","embeddable":true,"href":"https:\/\/zabouenfolie.fr\/index.php?rest_route=%2Fwp%2Fv2%2Fproduct_cat&post=221"},{"taxonomy":"product_tag","embeddable":true,"href":"https:\/\/zabouenfolie.fr\/index.php?rest_route=%2Fwp%2Fv2%2Fproduct_tag&post=221"}],"curies":[{"name":"wp","href":"https:\/\/api.w.org\/{rel}","templated":true}]}}