{"id":142,"date":"2024-10-04T17:16:01","date_gmt":"2024-10-04T15:16:01","guid":{"rendered":"https:\/\/zabouenfolie.fr\/?post_type=product&#038;p=142"},"modified":"2024-11-27T11:11:53","modified_gmt":"2024-11-27T10:11:53","slug":"bavoir","status":"publish","type":"product","link":"https:\/\/zabouenfolie.fr\/?product=bavoir","title":{"rendered":"Bavoir"},"content":{"rendered":"<p>Ce bavoir fait main est disponible en trois formes distinctes : rond, triangle et carr\u00e9, offrant des options uniques pour s\u2019adapter \u00e0 tous les go\u00fbts. Disponible en plusieurs tailles, il convient aussi bien aux gar\u00e7ons, aux filles, qu\u2019en version neutre. Confectionn\u00e9 avec soin, ce bavoir allie style et praticit\u00e9 pour prot\u00e9ger les v\u00eatements de b\u00e9b\u00e9 avec une touche d\u2019originalit\u00e9.<\/p>\n","protected":false},"excerpt":{"rendered":"<p>Ce bavoir fait main est disponible en trois formes (rond, triangle, carr\u00e9) et en diff\u00e9rentes tailles. Il convient aux gar\u00e7ons, filles ou en version neutre, alliant style et praticit\u00e9.<\/p>\n","protected":false},"featured_media":195,"comment_status":"open","ping_status":"closed","template":"","meta":[],"product_brand":[],"product_cat":[23],"product_tag":[],"class_list":{"0":"post-142","1":"product","2":"type-product","3":"status-publish","4":"has-post-thumbnail","6":"product_cat-bebe","8":"first","9":"instock","10":"shipping-taxable","11":"purchasable","12":"product-type-variable"},"jetpack_sharing_enabled":true,"_links":{"self":[{"href":"https:\/\/zabouenfolie.fr\/index.php?rest_route=\/wp\/v2\/product\/142","targetHints":{"allow":["GET"]}}],"collection":[{"href":"https:\/\/zabouenfolie.fr\/index.php?rest_route=\/wp\/v2\/product"}],"about":[{"href":"https:\/\/zabouenfolie.fr\/index.php?rest_route=\/wp\/v2\/types\/product"}],"replies":[{"embeddable":true,"href":"https:\/\/zabouenfolie.fr\/index.php?rest_route=%2Fwp%2Fv2%2Fcomments&post=142"}],"wp:featuredmedia":[{"embeddable":true,"href":"https:\/\/zabouenfolie.fr\/index.php?rest_route=\/wp\/v2\/media\/195"}],"wp:attachment":[{"href":"https:\/\/zabouenfolie.fr\/index.php?rest_route=%2Fwp%2Fv2%2Fmedia&parent=142"}],"wp:term":[{"taxonomy":"product_brand","embeddable":true,"href":"https:\/\/zabouenfolie.fr\/index.php?rest_route=%2Fwp%2Fv2%2Fproduct_brand&post=142"},{"taxonomy":"product_cat","embeddable":true,"href":"https:\/\/zabouenfolie.fr\/index.php?rest_route=%2Fwp%2Fv2%2Fproduct_cat&post=142"},{"taxonomy":"product_tag","embeddable":true,"href":"https:\/\/zabouenfolie.fr\/index.php?rest_route=%2Fwp%2Fv2%2Fproduct_tag&post=142"}],"curies":[{"name":"wp","href":"https:\/\/api.w.org\/{rel}","templated":true}]}}