{"id":136,"date":"2024-10-04T11:46:25","date_gmt":"2024-10-04T09:46:25","guid":{"rendered":"https:\/\/zabouenfolie.fr\/?post_type=product&#038;p=136"},"modified":"2024-11-30T23:08:16","modified_gmt":"2024-11-30T22:08:16","slug":"anneau-de-dentition","status":"publish","type":"product","link":"https:\/\/zabouenfolie.fr\/?product=anneau-de-dentition","title":{"rendered":"Anneau de dentition"},"content":{"rendered":"<p>Soulagez les petites douleurs de dentition de votre b\u00e9b\u00e9 avec notre anneau de dentition de qualit\u00e9 sup\u00e9rieure. Con\u00e7u sp\u00e9cialement pour les tout-petits, cet anneau offre une surface douce et textur\u00e9e qui apaise les gencives irrit\u00e9es. Il est s\u00fbr \u00e0 m\u00e2cher et r\u00e9sistant aux morsures. Sa forme ergonomique permet \u00e0 b\u00e9b\u00e9 de le tenir facilement dans ses petites mains, tout en stimulant le d\u00e9veloppement des sens gr\u00e2ce \u00e0 ses couleurs vives et ses textures vari\u00e9es. Adapt\u00e9 d\u00e8s les premiers mois, cet anneau de dentition est facile \u00e0 nettoyer.<\/p>\n","protected":false},"excerpt":{"rendered":"<p>Nos anneau de dentition pour b\u00e9b\u00e9.<\/p>\n<p>Un indispensable pour aider votre b\u00e9b\u00e9 \u00e0 traverser la p\u00e9riode de dentition en toute s\u00e9r\u00e9nit\u00e9 !<\/p>\n","protected":false},"featured_media":189,"comment_status":"open","ping_status":"closed","template":"","meta":[],"product_brand":[],"product_cat":[23],"product_tag":[],"class_list":{"0":"post-136","1":"product","2":"type-product","3":"status-publish","4":"has-post-thumbnail","6":"product_cat-bebe","8":"first","9":"instock","10":"shipping-taxable","11":"purchasable","12":"product-type-simple"},"jetpack_sharing_enabled":true,"_links":{"self":[{"href":"https:\/\/zabouenfolie.fr\/index.php?rest_route=\/wp\/v2\/product\/136","targetHints":{"allow":["GET"]}}],"collection":[{"href":"https:\/\/zabouenfolie.fr\/index.php?rest_route=\/wp\/v2\/product"}],"about":[{"href":"https:\/\/zabouenfolie.fr\/index.php?rest_route=\/wp\/v2\/types\/product"}],"replies":[{"embeddable":true,"href":"https:\/\/zabouenfolie.fr\/index.php?rest_route=%2Fwp%2Fv2%2Fcomments&post=136"}],"wp:featuredmedia":[{"embeddable":true,"href":"https:\/\/zabouenfolie.fr\/index.php?rest_route=\/wp\/v2\/media\/189"}],"wp:attachment":[{"href":"https:\/\/zabouenfolie.fr\/index.php?rest_route=%2Fwp%2Fv2%2Fmedia&parent=136"}],"wp:term":[{"taxonomy":"product_brand","embeddable":true,"href":"https:\/\/zabouenfolie.fr\/index.php?rest_route=%2Fwp%2Fv2%2Fproduct_brand&post=136"},{"taxonomy":"product_cat","embeddable":true,"href":"https:\/\/zabouenfolie.fr\/index.php?rest_route=%2Fwp%2Fv2%2Fproduct_cat&post=136"},{"taxonomy":"product_tag","embeddable":true,"href":"https:\/\/zabouenfolie.fr\/index.php?rest_route=%2Fwp%2Fv2%2Fproduct_tag&post=136"}],"curies":[{"name":"wp","href":"https:\/\/api.w.org\/{rel}","templated":true}]}}